 172*o + 179*o + 17. Let q(r) be the third derivative of r**6/120 + r**5/12 - 5*r**4/24 + 4*r**3/3 + r**2. What is q(f)?
2
Let s(h) be the first derivative of -2*h**2 + 184 + 39 - 67 + 5*h. What is s(-7)?
33
Let n(i) = -2*i**2 + 4*i + 8. Let t(l) = -l**2 + 2*l + 2. Let g(p) = -n(p) + 3*t(p). Let o = 36 + -12. Suppose -y - 4*j + o = -0*j, 20 = 4*j. Determine g(y).
-10
Let n(m) be the first derivative of m**3/6 - 9*m**2/2 - m + 7. Let u(z) be the first derivative of n(z). Let v be ((-21)/(-1))/(-264 + 267). Determine u(v).
-2
Let b(c) = c - 1. Let f(w) = -w. Let s(g) = 2*g**2 - 2*g + 2. Let z be s(1). Let x be z*(-1 + 2 + -3). Let p be f(x). Determine b(p).
3
Suppose 5*v = q + 34, 0 = 4*v - 5*q - 48 + 4. Let j = 20 - 23. Let p(l) = l + 1. Let b(a) = 5*a - 4. Let u(s) = j*p(s) + b(s). What is u(v)?
5
Let l(n) = 3*n + 1. Suppose -4*q + 4*y = -24, y + 3*y = 0. Let c be (9/q)/((-3)/(-6)). Let b be (-5 + 0)/15*c. Give l(b).
-2
Let q(a) = -a**3 - 7*a**2 - 7*a + 18. Let w be q(-5). Let z(f) = 11 + 12*f**w - 2*f**2 - 6*f**3 - 3*f + 0*f**2 - 5*f**3 - 6. Determine z(4).
25
Let d be (-8 + 2)/(-3) + 0. Let t = -276 - -278. Let p(i) = t*i**d + i**2 + 4*i**2. Calculate p(1).
7
Let b(a) = -98*a + 38. Let l(y) = -39*y + 18. Let h(o) = 2*b(o) - 5*l(o). Let q = -3 + -7. What is h(q)?
-4
Suppose 0*a - 18 = 3*a + 3*y, 2*a + 5*y = -24. Suppose 0 = 483*z - 482*z - 11. Let o(h) = 13*h + 35. Let g(i) = 7*i + 19. Let u(w) = z*g(w) - 6*o(w). Give u(a).
1
Let j(q) = 24*q**2 - q. Let r be (-59 - 2) + -1 + 1. Let y = r - -62. What is j(y)?
23
Let r be 3 + -1 - (37 + 4 - 13). Let k(y) = -y**2 - 28*y - 77. Calculate k(r).
-25
Let w(r) = 5*r**2 - 30*r + 2. Let p(o) = 5*o**2 - 30*o + 2. Let d(y) = 3*p(y) - 2*w(y). Let t be d(6). Let n be (20/80)/(t/(-8)). Let l(h) = 4*h. What is l(n)?
-4
Let u(w) = 2*w + 22. Suppose -8*c - 59 = 13. Let k be u(c). Let z(i) = -6*i**2 - k + 4*i**2 + i**2 - 7*i. What is z(-5)?
6
Let s be 4/44 - (-306)/(-99). Let r be 0 + (0 - -1) + 6. Let u(l) = 11*l - 7. Let k(h) = 5*h - 4. Let c(y) = r*k(y) + s*u(y). Calculate c(7).
7
Let l(c) be the first derivative of -3*c**2/2 + 2*c - 2453. Determine l(-3).
11
Suppose 2*f = t + 4, 4*t - 3*t + 4 = -3*f. Let h(v) = 5*v - v - v**2 + f + 2 + 3. Let c be 0*9/27 + 1 + 4. Determine h(c).
0
Let b(t) = -t**2 + 19*t - 63. Suppose -652*x + 1078 = -575*x. Calculate b(x).
7
Let o(t) = 5*t. Let k(x) = 14*x + 1. Let n(g) = 4*k(g) - 11*o(g). Suppose 90 = -0*s + 6*s. Let j be 36/(-10) - (-9)/s. Give n(j).
1
Let p(z) = -9*z - 96 - 8*z + 31 - 6*z + 2. Calculate p(-3).
6
Let s(r) = -5*r**3 + r**2 - 5. Let x(z) = -2*z**2 - z + 1. Let c(k) = -s(k) - 2*x(k). Determine c(-2).
-29
Let l(c) be the third derivative of -3*c + 11*c**2 - 1/24*c**4 + 1/20*c**5 + 0 + 1/3*c**3. Let g be ((-6)/9)/(2/6). Give l(g).
16
Let l(t) = -4*t - 6. Suppose 0 = 27*a - 28*a. Suppose -3*p - i + 24 + 34 = 0, 5*i = 4*p - 90. Let c be 0/p + (a - 5). What is l(c)?
14
Let d be (-53)/(-3) + (-1)/(-3). Suppose -394 = -63*y + 461 + 27. Let f = y - d. Let i(p) = p - 4. Determine i(f).
-8
Let h(r) = -213*r + 353. Let y(a) = 6*a + 1. Let f(b) = h(b) + 15*y(b). Give f(3).
-1
Let t(p) = p**3 - p**2 + 24*p + 1. Let j(g) = -g**3 + 7*g**2 - 49*g - 14. Let n(i) = j(i) + 2*t(i). Determine n(-5).
-7
Let y(u) = 2*u**2 - 8*u + 12. Let x be y(5). Let q(g) = 2 + 4 + 3 + x*g + 6 - 14. Suppose 0 = 5*r - 3*f + 11, -r - f = -4*f + 7. Give q(r).
-21
Let u be 2673/216 + 5/8 + -1. Let v(b) be the second derivative of 1/3*b**3 + 0 + 1/12*b**4 + u*b + 0*b**2. What is v(-4)?
8
Let u(c) = -8*c + 96. Let b(g) = -7*g + 83. Let v(d) = -7*b(d) + 6*u(d). Calculate v(1).
-4
Let o(r) = -43*r + 45. Let d be (-1)/((-2)/3)*(-2450)/(-525) - 6. Calculate o(d).
2
Let r(j) = j**3 - 3*j**2 + 2*j + 4. Let s(x) = 3*x + 71 - 27 - 15. Let b be s(-8). Suppose 3*q = 4*g + 21, 0*q + b*g = -5*q. Determine r(q).
10
Suppose -8*c - 137 = -177. Let q(a) = -2*a**3 + 8*a**2 + 4. Give q(c).
-46
Let g(n) = 7*n + 20. Let w(p) = 6*p + 18. Let j = 204 - 209. Let b(s) = j*g(s) + 6*w(s). Suppose 12 = -3*y + y. Calculate b(y).
2
Let g(m) = -m**3 - 74*m**2 - 469*m - 9. Let j be g(-67). Let i(n) = n**2 - 18*n - 250. What is i(j)?
-7
Let q(c) be the third derivative of -1/120*c**6 + 0*c + 1/12*c**4 + 0*c**5 - 2 - 1/6*c**3 - c**2. Give q(1).
0
Let p(y) = -y**3 - 4*y**2 + 6*y + 6. Let o(d) = -11 + 21*d - 9*d - 9 - 27 - 14*d. Let w be o(-21). Determine p(w).
1
Let d(n) be the first derivative of 12*n - 1/3*n**3 - 3/2*n**2 + 101. What is d(-5)?
2
Let q be (-3 - -2 - -1)/(-2 + 4). Suppose q = -2*y - 6 - 20. Let d(j) = j**2 + 13*j + 3. Let x be d(y). Let m(w) = -w**3 + 2*w**2 + 4*w - 2. What is m(x)?
1
Let u = -579 - -562. Let n(x) = -x**3 + 7*x**2 - 3*x + 1. Let t(q) = -3*q**3 + 20*q**2 - 7*q + 2. Let r(m) = u*n(m) + 6*t(m). Determine r(3).
4
Let x(o) = 6*o + 5. Let q(k) = 14*k**3 + 5*k**2 - 3*k - 3. Let j be q(2). Let z = -129 + j. What is x(z)?
-31
Let x(a) = 376. Let h(c) = -c + 75. Let p(t) = 4*h(t) - x(t). Determine p(-21).
8
Let k(v) = 3*v - 48. Let c be k(14). Let o(s) be the third derivative of s**5/60 + 5*s**4/12 + 13*s**3/6 - 4*s**2 + 150. Determine o(c).
-11
Let s(g) be the first derivative of g**3/3 - g**2 - 3*g - 734. Suppose -4*c - 56 = -4*j, 5*c - 4*j + 2*j + 82 = 0. Let v be (2 - c/(-4))*-2. What is s(v)?
12
Suppose -3*q - 10 = -5*y, y + 0*q - 2 = 2*q. Let s be ((-32)/56)/(3/(-21)). Let g(u) = s*u**3 + 20*u - 14*u + 2*u**2 - 3*u**3 - 8*u + 1. What is g(y)?
13
Suppose -14*o + 1907 = 1907. Let l(i) be the second derivative of o + 21*i - 1/2*i**2 - 1/6*i**3. Determine l(1).
-2
Let u = 2 - 1. Let t(d) = 4*d - 1. Let x be t(1). Let z(j) = 4 - x*j**3 - 2*j - 2*j**2 - 6 + u. Calculate z(-1).
2
Let p(z) = z**3 - 6. Suppose n = 4, -17*k + 3*n - 48 = -20*k. Suppose 3*o + 3*h - 9 = 0, 17*o = 18*o - 4*h + k. Give p(o).
-6
Let y(o) = 9*o**2 - 3*o + o**3 - 2*o**2 - 2*o**3 + 6. Let d be 344*6/(-1 + 25). Let s = -79 + d. Calculate y(s).
-15
Let b(t) = -10*t**2 - t + 10. Let x(c) = 7*c**2 - c - 9. Let h(l) = -2*b(l) - 3*x(l). Give h(12).
-77
Let k be (2 - (-63)/(-2))*80/(-20). Let u = k - 116. Suppose 3*m - 3*j + 9 = 0, -2*j = u*m + j - 9. Let o(n) = -n - 22. Calculate o(m).
-22
Let a be (4/3 - 1) + 7/(-3). Let k be (12/15)/(a + 19/10). Let z(u) = -9 + 6*u - 2*u**3 - 2*u**3 + 9*u**2 - u**3 + 6*u**3. Give z(k).
7
Suppose 31*m - 60 = 21*m. Let l(c) = 9 - m + 5*c + 3 - 5. Let s(h) = -3*h. Let t be s(1). Give l(t).
-14
Let n(j) = 11*j. Suppose -f - 24*g = -26*g - 2, -2*g = 6. Determine n(f).
-44
Let r be 2/((35/10)/7). Suppose -f - r*q = 1, 4*f = -3*q - 6 - 11. Let z(j) = j**2 + 3*j - 2. Determine z(f).
8
Suppose -3*j + 8*j + 20 = 4*w, -5*j + 3*w - 15 = 0. Let l(o) be the first derivative of -o**4/4 + 32*o - 1881. Determine l(j).
32
Let v be (-6)/(-8) - 114/24. Let t(w) = -5 + 74*w + 5 + 4 - 82*w - 3. Determine t(v).
33
Let s(n) = -15*n - 234. Let f = 17507 + -17522. What is s(f)?
-9
Let v(z) = -5 + 5*z - 11*z - 2 + 5*z. Let u be v(-1). Let p(i) = -i**3 - 7*i**2 - 6*i - 5. What is p(u)?
-5
Let i(w) = -5*w - 85. Let k(m) = 19*m + 322. Let g(z) = -11*i(z) - 3*k(z). Give g(-21).
11
Suppose 45*p - 83 = 7. Let v(d) = 0*d + 5395 - 5394 + p*d. What is v(5)?
11
Let f(w) = w + 1 - 3 + w. Suppose 2*a - 21*c = -20*c + 2, -4*a + 5*c + 16 = 0. Determine f(a).
-4
Let j(l) = 3*l - 6. Suppose 172 - 167 = k. Suppose -z - 3 = -0*z, -5*z + k = 5*o. Determine j(o).
6
Let t(z) = 3*z**2 - 10*z - 57. Let y = 26767 - 26770. What is t(y)?
0
Let n be (-7)/((-60)/24 - (-143)/58). Suppose -4*t = 25*t - n. Let r(o) = -o + 1. Determine r(t).
-6
Let k = 63 - 61. Let u(o) = 3*o - k*o - 5*o**3 + o**3 - 2*o**2 + 0*o**3. Suppose -2 = z - 3. Calculate u(z).
-5
Suppose -8*b + 13*b - m = 562, 550 = 5*b - 5*m. Let w(u) = -u**3 - 2*u**2 - 2*u - 3. Let o be w(4). Let l = b + o. Let y(c) = c**2 - 6*c - 3. Calculate y(l).
-3
Suppose 284 = 9*u - 319. Let j = u - 78. Let v(m) = -m**3 - 12*m**2 - 10*m + 5. Determine v(j).
-6
Let f(g) be the third derivative of g**6/120 + g**5/20 + g**4/6 + g**2 + 295*g - 2. Let x(q) = -q. Let s be x(4). What is f(s)?
-32
Let s(r) = -4*r**2 - 3*r - 4. Suppose 0 = -4*j + o - 9, 7*j - 5*o + 28 = 4*j. What is s(j)?
-5
Let d(t) be the second derivative of t**5/20 + t**4/2 - t**3/2 - 3*t**2 + 2*t. Let j = 175 - 187. Let s be j/32 - (-90)/(-16). Determi